 i(3)?
-57
Let c = -2 + 4. Let s be 12/(-10)*(3 + c). Let w(v) = v**3 + 7*v**2 + 8*v + 6. Let g be w(s). Let k(x) = -x. What is k(g)?
6
Let s be -1 + (-4 + 0)/(-4). Suppose 0 = -3*q - s*q - 27. Let d = q - -2. Let x(f) = -2*f - 9. Determine x(d).
5
Let c be -7 + 3 - -17 - 4. Let q(y) = -c + 15 - 18*y + 20*y. Give q(-6).
-6
Let l(t) = -7*t**2 + 2*t - 1. Let a(x) = 14*x - 4. Let w be a(-4). Let j = 61 + w. Calculate l(j).
-6
Let u(x) = 5*x. Let g = -662 - -665. Determine u(g).
15
Let p(z) = 3*z + 1. Let q(s) = 6*s + 2. Let b(k) = -7*p(k) + 4*q(k). Determine b(4).
13
Let t(m) = m**3 - 7*m**2 + 7*m + 4. Let n(l) = l**3 - 7*l**2 + 7*l + 5. Suppose 5*u = 2*y + u - 4, u + 12 = -5*y. Let k(q) = y*n(q) + 3*t(q). Determine k(5).
-13
Let o be 13/(-9) - 68/(-153). Let s(d) = -20*d**3 - 2*d**2 - 2*d - 1. What is s(o)?
19
Suppose -31 = 2*u - 39. Let q(s) = -2*s + 3. Determine q(u).
-5
Let x(n) = -n**3 + 5*n**2 - 3*n + 1. Let w be x(2). Suppose 0 = 5*y - 2*y - 6. Let h(d) = 3 + 4*d + 0 - w*d + y*d. Determine h(6).
-3
Let c be 28/21*42/4. Suppose c*p - 16*p + 38 = 0. Suppose -16*g - 6 = -p*g. Let n(z) = 2*z**2 - 2*z + 2. Give n(g).
6
Let g(c) = -5*c - 89. Let i be g(-19). Let j(r) = r**3 - 7*r**2 + 2*r + 9. Give j(i).
-15
Let t(j) = j**2 - 6*j + 1. Let u be t(5). Let d(q) be the second derivative of -q**5/20 - q**4/4 + 2*q**3/3 + q**2 + 32*q. Determine d(u).
2
Let b(d) = d**2 - 2*d - 2. Let p(q) = q**3 - 18*q**2 + q + 8. Let a be p(18). Let w be a/7 - (69/(-21) + 3). Calculate b(w).
6
Suppose 0 = -c + q + 5, 2*c + q - 6*q = 13. Let s(b) be the first derivative of 3*b - 4 - 1/2*b**2. What is s(c)?
-1
Let w(b) = b. Let q(g) = g**3 - 4*g**2 + 3*g. Let m be q(3). Suppose m = u - 5*u + 16. Determine w(u).
4
Let x(a) be the second derivative of a**5/20 + a**4/12 + 5*a**2/2 - 6*a. Suppose 2*m + 2*m = 20. Suppose 0*b = 2*b - 10, m*b - 25 = -3*t. Calculate x(t).
5
Let q(o) = -o**3 - 7*o**2 + 11*o + 2. Let j be q(-8). Let w = j - -22. Let h(c) = -c**3 - c**2 - c + 13. Determine h(w).
13
Let g(y) = -y**2 + 6*y - 4. Suppose -w = -4*n + 18, 14*n - 16*n + 3*w = -4. What is g(n)?
1
Let n(d) = 3 - 197*d**2 - 4 + 206*d**2 + 0 - d. What is n(-2)?
37
Let v(m) = -11*m - 94. Let i = 1452 + -1460. Determine v(i).
-6
Let t(m) be the third derivative of -m**6/120 - 2*m**5/15 + 5*m**4/12 - 2*m**3 + 3*m**2 + 4*m. What is t(-9)?
-21
Let b(x) be the second derivative of x**4/12 + 7*x**3/6 + 3*x**2 + 157*x. Calculate b(-7).
6
Let o = -830 + 835. Let b(a) be the second derivative of -a**3/6 - 7*a**2/2 + 2*a. Determine b(o).
-12
Let g(i) = i**3 - 4*i**2 - 2*i - 6. Suppose 11*d - 12 - 43 = 0. Let p be (-3 - -4)/(1/d). Determine g(p).
9
Suppose m = 0, 4*u - 12 = -m - 0*m. Let p(g) = 2*g**3 - 3*g**2 + 3*g. What is p(u)?
36
Let h(t) = -t**3 - 5*t**2 - 2*t + 6. Let i = 103 + -107. Calculate h(i).
-2
Let g(v) = -v**3 - 7*v**2 - 7*v + 2. Let h be ((-80)/36)/10 - (-220)/18. Suppose h*b + 48 = 4*b. Give g(b).
8
Let h(f) = -f**2 + 2*f + 2. Let y(k) = -k + 1. Let o(c) = h(c) - 3*y(c). Let a(n) = 4*n**2 + 20*n - 20. Let m be a(-6). Determine o(m).
3
Let q be (-29 - -43)*1/2. Let f(p) = -2*p**2 + 9*p + 10. Determine f(q).
-25
Suppose -3*l + 3 - 27 = 0. Let f(q) = q**3 + 7*q**2 - 10*q - 1. Determine f(l).
15
Let b(m) be the third derivative of 0*m + 1/6*m**4 + 0 + 4*m**2 - 1/60*m**5 + 1/6*m**3. Calculate b(6).
-11
Let a(k) = -5*k**2 - 11*k + 8. Let n(c) = 9*c**2 + 22*c - 15. Let v(x) = 11*a(x) + 6*n(x). Determine v(9).
16
Let w(d) = -d + 3. Suppose 0 = m + 4*o + 15, -5*o = -6*m + 3*m - 11. Let n = m - 2. Let v = n + 12. Calculate w(v).
0
Let d(c) = c**2 - 4*c + 4. Let u = -5 + 3. Let l be u/(-7) - (-57)/21. Let b = 6 - l. Calculate d(b).
1
Let m(y) = y**3 + 19*y**2 - y - 31. Suppose 49 - 372 = 17*s. What is m(s)?
-12
Let j(q) = q**3 - 3*q**2 - 4*q + 2. Suppose -3*y - 16*v + 17 = -17*v, 2*v + 26 = 4*y. Give j(y).
2
Let a(q) = 3 + 118*q**2 + 23*q - 4 - 6*q**3 - 119*q**2 - 1 - 19*q. Determine a(1).
-5
Let u be (-1)/(-3) + 14/(-6). Let q(x) = x**2 - 5*x - 4. Let d(v) = -1. Let a(y) = u*d(y) - q(y). Suppose 5*r - 2*g - 14 = 8, -5*g = 4*r - 44. What is a(r)?
0
Let i(n) be the first derivative of n**4/4 - 7*n**3 + 10*n**2 - 4*n - 311. Give i(20).
-4
Let y(n) = 48*n + 27. Let h(s) = -21*s - 11. Let p(f) = 12*h(f) + 5*y(f). What is p(3)?
-33
Suppose 16 - 6 = 5*y. Suppose -t + y*q + 8 = -3*q, -3*t - 4*q = 14. Let s(v) = 19*v - 13. Let g(m) = -9*m + 6. Let d(o) = 13*g(o) + 6*s(o). Give d(t).
6
Let d be (-4 + 18)/1 - 3. Let f be -4 + (-1 - (1 - d)). Let g(y) = -y + 2. What is g(f)?
-3
Let x be (32/(-12))/(4/(-12)). Let b(k) = k**3 - 9*k**2 + 8*k - 5. Determine b(x).
-5
Let c(q) = -q**2 - 16*q - 11. Let v be c(-15). Suppose -15 = -5*x + 3*x - 3*j, v*j = 12. Let o(k) = k**3 - 3*k**2 + k + 2. Give o(x).
5
Let p(k) be the first derivative of -k**2 + 3*k + 31. Let m(u) = u**2 - 6*u - 2. Let n be m(5). What is p(n)?
17
Let s(j) = 3*j + 14. Let m be (-234)/34 + (-38)/323. Calculate s(m).
-7
Let l(q) = 4*q**2 - 5*q + 5. Let u(z) = z**3 + 23*z**2 + 2. Let f be u(-23). Let t(h) = -h**2 + 2*h - 2. Let b(o) = f*l(o) + 7*t(o). Determine b(-4).
-4
Let y(d) = 13*d**2 + 13*d + 10. Let p(c) = 4*c**2 + 4*c + 3. Let a(q) = 7*p(q) - 2*y(q). Let g be -3*((-4)/(-3) - 1). Determine a(g).
1
Let u(l) = -l. Let j = 14 + -18. Let p = j - -8. Suppose -c = -p*c. What is u(c)?
0
Let i(n) = 4*n - 3. Let h(l) = -l**3 + l + 1. Let x(k) = k**3 + 2*k**2 - 1. Let d(v) = -3*h(v) - x(v). Let j be d(-1). What is i(j)?
-15
Let p = 20 - 2. Let f = 21 - p. Let h(d) = d**2 - d + 2. What is h(f)?
8
Let l(u) be the third derivative of -11*u**6/60 - u**5/60 + u**4/24 + u**3/6 - u**2. Let y be 3/(21/35) - 6. Give l(y).
21
Let i(g) = -g**3 + 6*g**2 - 2*g + 6. Let r(z) = -2*z - 6 + 3*z + 0*z + z. Let l be r(6). Calculate i(l).
-6
Let g = 848 + -861. Let t(c) = c**3 + 13*c**2 + c - 7. Give t(g).
-20
Suppose 0 = -r + 243 - 246. Let n(d) = 2*d**3 + 2*d**2 - d - 3. Calculate n(r).
-36
Let x be ((6 + -3)/6)/(4/(-8)). Let a(q) be the first derivative of -5*q**2/2 + 6. Calculate a(x).
5
Let g be (1 + 0)/(1 + (-9)/12). Let x(c) be the first derivative of -c**4/4 + 4*c**3/3 + 2*c**2 - 5*c + 1. What is x(g)?
11
Let i(a) = 6*a**3 - 3*a**2 - 8*a - 6. Let c(t) = -t**3 + t + 1. Let k(l) = -5*c(l) - i(l). Suppose 0 = 7*s + 2 - 30. Determine k(s).
-3
Let s(j) = -4 - 5 + 5*j**3 - 10*j - 10*j**3 + 2 + 7*j**2 + 6*j**3. Give s(-8).
9
Let v(r) = r**2 + 3*r + 6. Let a(x) = x**2 + 8*x + 8. Let s(m) = 2*a(m) - 3*v(m). Let d = -11 + 24. Let y = -7 + d. Determine s(y).
4
Let o be (7 + -16 - -10) + 0. Let u(x) = 11*x - 5. Give u(o).
6
Let i(o) = o**2 + 3*o - 7. Suppose 0 = -4*b + 27 - 19. Suppose 72 - 82 = b*x. What is i(x)?
3
Let w(a) = a**2 + 5*a - 10. Suppose -139 = 13*i - 35. What is w(i)?
14
Let v(r) = -r - 26. Let w be v(-20). Let z be ((-21)/w + -3)*-8. Let c(y) = y**2 + 4*y + 5. Determine c(z).
5
Let x(a) = -2*a - 3. Let l(p) = -2*p - 4. Let q(c) = 4*l(c) - 5*x(c). Let j be q(-1). Let f(w) = w**3 + 3*w**2 + 3*w. Determine f(j).
-9
Suppose 0 = -5*s - 4*g + 12, 3*s - 4 = s - 2*g. Let n(r) = 17*r + s*r**2 + 8 - 21*r - 5*r**2. Calculate n(-6).
-4
Let v(d) = -d**2 - 12*d - 3. Suppose 13*x - 11 = -167. Give v(x).
-3
Let v(q) = -4*q - 1. Let w(r) be the second derivative of -r**4/4 - r**3/6 + r**2 - 10*r. Let h be w(1). Give v(h).
7
Let j(v) = v**3 + 7*v**2 - 10*v - 11. Let i(a) = 5*a**3 - a. Let b be i(1). Suppose -5*c = -0*c + 3*r - 20, -b*c + 16 = -r. Let o = -12 + c. Calculate j(o).
5
Let b(h) = h - 1. Let w(k) = 3*k + 12. Let p(f) = -5*b(f) + w(f). What is p(8)?
1
Let t(k) = k**3 + k**2 - 5*k - 3. Let z = -270 - -266. Give t(z).
-31
Let r = -188 - -187. Let l(i) = -14*i**2 - i. What is l(r)?
-13
Let i(y) = y**2 - 2*y + 2. Suppose 105 = 5*f + 5*t, -f - 2*f - 2*t + 66 = 0. Suppose 5*x - f + 4 = 0. Determine i(x).
10
Suppose 0*m = -2*m. Let r be 2 + 3/3 + m. Let o(i) = 4 + 1 + 0 - 2*i - 7. Give o(r).
-8
Suppose 8 = o + 3*o + 4*c, -4*o + 3 = -c. Suppose -o = -j - 4*m, -m = 3*j + 3*m - 3. Let u(b) = 1 + 2*b - 3*b + 3*b. Calculate u(j).
3
Let s(k) = 2*k + 32. Let q be (34/(-3))/(26/39). What is s(q)?
-2
Let m(q) = 3*q**2 + 31*q + 34. Let v(s) = -s**2 - 10*s - 11. Let g(d) = -2*m(d) - 7*v(d). Suppose -11*r + 14 = -13*r. Determine g(r).
2
Let y(s) = s**3 - s**2 - s + 1. Let b(a) = -2*a*